 + 16*m - 5. Calculate n(8).
-5
Let d(v) = 4*v - 3. Give d(-6).
-27
Let o(m) = m**3 + 10*m**2 - 39*m - 313. Determine o(-11).
-5
Let d(g) = 3*g**3 + 4*g**2 + g - 4. Give d(-2).
-14
Let q(r) = 8*r**3 - 4*r**2 - 2*r + 3. Calculate q(2).
47
Let r(d) = -10*d**3 - 4*d**2 - 2*d - 8. What is r(-2)?
60
Let n(k) = -k**2 - 14*k + 1. Give n(-9).
46
Let o(a) = 11*a. Determine o(4).
44
Let a(w) = 25*w + 128. Determine a(-5).
3
Let k(t) = -t**3 - 8*t**2 + 9*t + 6. What is k(-9)?
6
Let p(b) = -2*b + 9. Calculate p(5).
-1
Let r(i) = i**3 + 3*i**2 - 2*i + 1. What is r(-3)?
7
Let a(s) = s**2 + 11*s + 11. Give a(-5).
-19
Let a(h) = h**2 - 10*h + 7. Calculate a(10).
7
Let f(s) = -24*s - 146. Determine f(-8).
46
Let y(a) = -8*a**3 - a**2 - a + 1. What is y(1)?
-9
Let t(b) = -b**2 - 10*b - 2. What is t(-10)?
-2
Let g(b) = -b**3 + 26*b**2 - 72*b + 18. Give g(23).
-51
Let a(r) = -r**3 + 3*r**2 + 4*r + 1. Calculate a(3).
13
Let d(t) = t**3 + 6*t**2 - 35*t - 177. Give d(-8).
-25
Let f(k) = k**2 - 3*k - 112. What is f(-9)?
-4
Let o(x) = 8*x + 10. Determine o(-6).
-38
Let n(u) = u**3 - 8*u**2 + 6*u - 8. Determine n(6).
-44
Let o(j) = j**2 - 12*j + 2. Give o(10).
-18
Let u(y) = -7*y + 6. Calculate u(2).
-8
Let j(l) = 79*l + 1. Determine j(1).
80
Let n(p) = -p**3 - 14*p**2 - 24*p - 3. Calculate n(-12).
-3
Let g(p) = p**3 - 7*p**2 + 2*p - 5. Determine g(7).
9
Let x(n) = -n**3 - 19*n**2 + 16*n - 67. What is x(-20)?
13
Let b(i) = -i**3 + 2*i**2 + i + 3. What is b(3)?
-3
Let l(m) = 3*m + 24. Calculate l(-8).
0
Let g(v) = -v**2 - 18*v - 9. Calculate g(-16).
23
Let x(k) = k - 9. What is x(10)?
1
Let b(f) = 2*f - 23. Give b(3).
-17
Let x(f) = f**3 - f**2 + 10. Give x(0).
10
Let i(l) = -l**2 - 10*l - 3. Give i(-8).
13
Let l(p) = -p**2 + 4*p + 26. What is l(10)?
-34
Let k(y) = y**3 + y**2 - y - 20. Calculate k(0).
-20
Let h(m) = -m**3 + 35*m**2 - 33*m - 37. What is h(34)?
-3
Let m(u) = -u**3 + 3*u - 1. What is m(-5)?
109
Let r(t) = -t**2 - 7*t - 17. Give r(-7).
-17
Let s(c) = 6*c + 4. What is s(2)?
16
Let l(m) = -m**3 - 8*m**2 - 19*m - 15. Calculate l(-5).
5
Let d(s) = s + 36. Calculate d(-17).
19
Let u(c) = -13*c**3 - 2*c + 2. Calculate u(2).
-106
Let v(i) = -2*i + 12. Give v(10).
-8
Let s(g) = -8*g - 51. Calculate s(5).
-91
Let y(c) = 3*c - 2. What is y(-6)?
-20
Let r(m) = -m**2 - 15*m - 14. Determine r(-7).
42
Let b(z) = -z - 7. Calculate b(-9).
2
Let c(z) = -z**2 + 12*z + 32. Give c(14).
4
Let u(d) = 13*d**2 + 5*d - 2. Give u(2).
60
Let x(h) = -5*h**2 + h + 2. Give x(-1).
-4
Let q(f) = -f**3 + 12*f**2 - 2*f + 18. Calculate q(12).
-6
Let j(b) = -b**3 - 10*b**2 - 17*b + 2. What is j(-8)?
10
Let s(x) = x**3 + 9*x**2 - 8. Calculate s(-8).
56
Let m(n) = -4*n**3 + 28*n**2 + 4*n + 1. Calculate m(7).
29
Let n(d) = -d**3 + 9*d**2 - 14*d + 16. Give n(7).
16
Let t(w) = w**3 + 2*w**2 - 2*w + 7. Give t(-4).
-17
Let v(a) = -2*a**2 + 8*a + 71. What is v(-5)?
-19
Let p(l) = l**2 - 3*l - 14. What is p(6)?
4
Let m(l) = -2*l**2 + 4. Calculate m(-4).
-28
Let z(f) = 2*f**2 + 83*f + 46. Give z(-41).
5
Let t(w) = w**2 - 10*w - 9. Calculate t(11).
2
Let d(p) = -5*p - 6. Calculate d(-5).
19
Let y(b) = b**3 - 7*b**2 + 7*b - 1. Give y(6).
5
Let i(g) = -g**3 + 19*g**2 - 20*g + 42. What is i(18)?
6
Let h(j) = -17*j + 34. What is h(3)?
-17
Let p(o) = o**2 + 10*o - 12. Determine p(-10).
-12
Let t(m) = 2*m**2 - 8*m + 11. What is t(3)?
5
Let y(q) = q**3 - 6*q**2 - 9*q + 22. What is y(7)?
8
Let w(f) = 3*f**2 - f. Determine w(-1).
4
Let v(o) = o + 3. Give v(3).
6
Let c(b) = b**2 - 18*b - 12. Give c(17).
-29
Let p(g) = -2*g**2 - 8*g + 36. Determine p(-9).
-54
Let t(f) = -5*f + 20. Determine t(6).
-10
Let t(m) = -13*m + 3. Calculate t(-2).
29
Let k(m) = m**2 + 11*m + 15. Calculate k(-8).
-9
Let u(d) = d**2 - d - 5. Determine u(-3).
7
Let i(w) = 11*w - 35. Determine i(5).
20
Let h(a) = a**2 - 2*a - 3. Give h(2).
-3
Let p(i) = -i**2 - 5*i + 15. Determine p(-7).
1
Let b(n) = -n**3 - 17*n**2 - 15*n + 17. Calculate b(-16).
1
Let j(s) = -s**3 - 6*s**2 - 6*s. Calculate j(-6).
36
Let y(s) = -s**3 - 4*s**2 + s + 2. Calculate y(-4).
-2
Let r(q) = -2*q**2 - 10*q + 14. Determine r(-6).
2
Let g(x) = -2*x + 1. Calculate g(5).
-9
Let c(n) = n**2 - 7*n - 7. Calculate c(8).
1
Let u(c) = 5*c**2 - 7*c - 17. Give u(-2).
17
Let n(p) = p - 23. Give n(16).
-7
Let q(h) = 76*h - 2. Calculate q(0).
-2
Let l(h) = -h**2 - 32*h - 202. What is l(-24)?
-10
Let f(h) = h**2 - h. What is f(4)?
12
Let h(t) = -12*t + 3. Calculate h(5).
-57
Let j(p) = -p**3 - 15*p**2 + 17*p + 11. What is j(-16)?
-5
Let y(a) = -4*a**3 + a**2 + a + 1. Calculate y(-1).
5
Let u(k) = -k**2 - 12*k - 9. Give u(-9).
18
Let y(m) = -m**3 - m**2 + 3*m - 3. Determine y(-3).
6
Let l(p) = -2*p**2 + 2*p - 3. Determine l(-4).
-43
Let d(y) = -y**2 + 13*y - 1. Determine d(6).
41
Let b(x) = -4*x**3 + x**2 + 4*x + 3. Calculate b(-2).
31
Let h(m) = -8*m - 157. Determine h(-22).
19
Let v(r) = 3*r**3 + 4*r**2 + r - 6. What is v(-3)?
-54
Let c(g) = -g**2 - 2*g. What is c(-1)?
1
Let w(f) = -9*f + 7. Give w(3).
-20
Let m(u) = u**3 + 9*u**2 + 9*u - 13. Calculate m(-7).
22
Let f(y) = -5*y**3 + y**2 + 3*y - 2. Calculate f(2).
-32
Let b(x) = -x**3 + 8*x**2 + 8*x - 4. Give b(9).
-13
Let h(z) = 2*z**3 - 26*z**2 + z + 7. Calculate h(13).
20
Let p(k) = k**3 + 3*k**2 - 3*k - 10. What is p(-3)?
-1
Let t(a) = -a**3 - 10*a**2 - 22*a - 51. Give t(-8).
-3
Let l(j) = 4*j**3 - j**2 - 6. Give l(2).
22
Let y(c) = -3*c**2 + 6*c - 6. Give y(1).
-3
Let p(c) = c**3 - 11*c**2 + 31*c - 14. What is p(5)?
-9
Let o(s) = -s**3 - 3*s**2 + 6*s + 1. What is o(-2)?
-15
Let j(d) = -18*d - 56. What is j(-4)?
16
Let t(d) = d**3 - 5*d**2 + 9*d - 13. Give t(6).
77
Let z(i) = i**3 + 6*i**2 - 7*i + 1. Give z(-7).
1
Let b(n) = -2*n**3 - 2*n**2 - n - 2. Determine b(-3).
37
Let y(d) = 29*d + 2. Determine y(-1).
-27
Let z(b) = 12*b + 20. Determine z(-2).
-4
Let o(p) = 5*p + 76. Determine o(-16).
-4
Let h(o) = o**3 - o**2 + 6. Determine h(3).
24
Let b(v) = v**3 + v - 10. Determine b(0).
-10
Let o(i) = -i + 5. What is o(9)?
-4
Let m(n) = -n + 16. Determine m(12).
4
Let h(v) = v**3 + 8*v**2 + 14*v + 6. Give h(-6).
-6
Let b(q) = -9*q - 8. Give b(-2).
10
Let y(c) = -10*c + 80. Give y(8).
0
Let c(y) = 7*y + 19. Determine c(-4).
-9
Let l(y) = -y**3 + 2*y**2 + y. Calculate l(3).
-6
Let c(g) = g**2 + 7*g - 48. Calculate c(-11).
-4
Let r(y) = -y**3 + 10*y**2 + 1. Give r(10).
1
Let v(t) = t**2 + 9*t + 6. Calculate v(-9).
6
Let o(w) = -w**2 - 29*w - 165. Give o(-20).
15
Let n(q) = -14*q**2 - 105*q - 48. What is n(-7)?
1
Let i(b) = 10*b + 15. What is i(-2)?
-5
Let i(a) = -3*a + 14. Determine i(-10).
44
Let w(u) = 3*u + 18. What is w(-7)?
-3
Let g(q) = 5*q**3 - 2*q**2 - 2*q + 3. Calculate g(2).
31
Let w(k) = k**3 + 4*k**2 + 8*k + 7. Give w(-2).
-1
Let j(w) = -w**2 + 5*w - 9. Calculate j(3).
-3
Let n(s) = -s**2 + 7*s + 18. Calculate n(8).
10
Let s(n) = 6*n + 4. Calculate s(3).
22
Let f(y) = 21*y**3 - 3*y**2 + 4*y - 2. Determine f(1).
20
Let x(k) = 41*k + 131. Calculate x(-3).
8
Let c(y) = -y**2 + 11*y + 8. Determine c(10).
18
Let x(q) = -q**2 - 10*q - 9. Give x(-4).
15
Let g(z) = -21*z + 9. Give g(0).
9
Let r(n) = 27*n - 408. Calculate r(15).
-3
Let q(t) = -12*t - 11. Determine q(0).
-11
Let w(m) = m - 42. Give w(7).
-35
Let b(h) = 11*h + 423. Calculate b(-38).
5
Let v(u) = 12*u - 44. Give v(6).
28
Let m(r) = r**2 + 12*r - 27. Give m(-14).
1
Let q(n) = n**2 + 12*n + 6. Give q(-12).
6
Let s(d) = -d**3 - 3*d**2 + 3*d + 5. What is s(-5)?
40
Let z(h) = 10*h + 45. Determine z(-10).
-55
Let m(o) = o**2 - 2*o + 10. What is m(6)?
34
Let v(a) = -a - 27. Determine v(-17).
-10
Let q(t) = -2*t**2 - 70*t - 195. Determine q(-32).
-3
Let q(t) = 3*t**2 - 7*t - 1. Determine q(5).
39
Let x(r) = 7*r + 18. Calculate x(-5).
-17
Let j(i) = -i**3 - 7*i**2 - i + 10. Give j(-7).
17
Let w(t) = t**2 + 12*t + 14. Determine w(-4).
-18
Let a(w) = 2*w + 33. Give a(-18).
-3
Let f(p) = -p**3 - 12*p**2 - 10*p + 44. Give f(-10).
-56
Let h(g) = g**3 - 18*g**2 - 18*g + 21. What is h(19)?
40
Let t(a) = 2*a - 1. Give t(0).
-1
Let y(w) = -w**3 + 4*w**2 + 8*w - 8. Give y(6).
-32
Let u(v) = v + 5. Determine u(1).
6
Let r(l) = -3*l**2 + 38*l + 31. What is r(13)?
18
Let v(c) = c**3 + 8*c**2 - 5*c + 34. Give v(-9).
-2
Let g(p) = -p**3 - 4*p**2 - 16. Give g(-6).
56
Let m(a) = 2*a**3 - 4*a*